{"id":46,"date":"2021-08-20T09:45:15","date_gmt":"2021-08-20T09:45:15","guid":{"rendered":"http:\/\/www.aronyaid.fi\/?page_id=46"},"modified":"2025-10-09T12:03:35","modified_gmt":"2025-10-09T09:03:35","slug":"anestesiapalvelut","status":"publish","type":"page","link":"https:\/\/www.aronyaid.fi\/index.php\/anestesiapalvelut\/","title":{"rendered":"Anestesiapalvelut"},"content":{"rendered":"\n<div id=\"section-g9b4e1c\" class=\"wp-block-gutentor-e6 section-g9b4e1c gutentor-element gutentor-element-image\"><div class=\"gutentor-element-image-box\"><div class=\"gutentor-bg-image\"><\/div><\/div><\/div>\n\n\n\n<div style=\"height:22px\" aria-hidden=\"true\" class=\"wp-block-spacer\"><\/div>\n\n\n\n<h2 class=\"wp-block-heading has-text-align-center has-large-font-size\" id=\"ongelmakohdat\">Anestesiapalvelut<\/h2>\n\n\n\n<div style=\"height:34px\" aria-hidden=\"true\" class=\"wp-block-spacer\"><\/div>\n\n\n\n<p class=\"has-text-align-center has-medium-font-size\">Yh\u00e4 suurempi m\u00e4\u00e4r\u00e4 anestesioita suoritetaan pieniss\u00e4 toimenpideyksik\u00f6iss\u00e4 tai ylip\u00e4\u00e4t\u00e4\u00e4n jossakin muualla kuin leikkaussaliolosuhteissa (kuvantamisyksik\u00f6t, hammasklinikat).<\/p>\n\n\n\n<p class=\"has-text-align-center has-medium-font-size\">Sellainen toiminta on p\u00e4\u00e4osin ep\u00e4s\u00e4\u00e4nn\u00f6llist\u00e4 ja oman anestesiatoiminnan perustaminen siihen ei usein ole j\u00e4rkev\u00e4 eik\u00e4 kustannustehokasta.<\/p>\n\n\n\n<div style=\"height:12px\" aria-hidden=\"true\" class=\"wp-block-spacer\"><\/div>\n\n\n\n<hr class=\"wp-block-separator has-css-opacity is-style-default\"\/>\n\n\n\n<div style=\"height:13px\" aria-hidden=\"true\" class=\"wp-block-spacer\"><\/div>\n\n\n\n<p class=\"has-text-align-center has-medium-font-size\">Yh\u00e4 enemm\u00e4n, yh\u00e4 suurempia toimenpiteit\u00e4 suoritetaan yh\u00e4 sairaammille potilaille.<\/p>\n\n\n\n<p class=\"has-text-align-center has-medium-font-size\">Sellainen toiminta sy\u00f6 normaalia enemm\u00e4n anestesial\u00e4\u00e4k\u00e4riresurssia ja vaatii hyv\u00e4n hoitotuloksen aikaansaamiseksi erityisosaamista.<\/p>\n\n\n\n<div style=\"height:11px\" aria-hidden=\"true\" class=\"wp-block-spacer\"><\/div>\n\n\n\n<hr class=\"wp-block-separator has-css-opacity is-style-default\"\/>\n\n\n\n<div style=\"height:13px\" aria-hidden=\"true\" class=\"wp-block-spacer\"><\/div>\n\n\n\n<p class=\"has-text-align-center has-medium-font-size\">Virkaehtosopimukset ovat melko j\u00e4ykki\u00e4 luoville toimintaratkaisuille.<\/p>\n\n\n\n<p class=\"has-text-align-center has-medium-font-size\">Aikaiset aloitukset, pitk\u00e4t p\u00e4iv\u00e4t, urakkamallit voisi olla joissakin tapauksissa kustannustehokkain vaihtoehto.<\/p>\n\n\n\n<div style=\"height:13px\" aria-hidden=\"true\" class=\"wp-block-spacer\"><\/div>\n\n\n\n<hr class=\"wp-block-separator has-css-opacity is-style-default\"\/>\n\n\n\n<div style=\"height:12px\" aria-hidden=\"true\" class=\"wp-block-spacer\"><\/div>\n\n\n\n<p class=\"has-text-align-center has-medium-font-size\">Uuden ty\u00f6aikalain vaikutukset p\u00e4ivystyssairaaloiden anestesial\u00e4\u00e4k\u00e4rimiehitykseen ovat olleet voimakkaita:<\/p>\n\n\n\n<p class=\"has-text-align-center has-medium-font-size\">Lainmukaisen toiminnan yll\u00e4pit\u00e4minen aiheuttaa ongelmia erityisesti lomakausina<\/p>\n\n\n\n<p class=\"has-text-align-center has-medium-font-size\">Pitk\u00e4t, mutta my\u00f6s yll\u00e4tt\u00e4v\u00e4t henkil\u00f6st\u00f6n poissaolot johtavat joko toimenpiteiden peruuntumiseen, tai t\u00f6iss\u00e4 olevien l\u00e4\u00e4k\u00e4reiden uupumiseen. <\/p>\n\n\n\n<div style=\"height:39px\" aria-hidden=\"true\" class=\"wp-block-spacer\"><\/div>\n\n\n\n<h2 class=\"wp-block-heading has-text-align-center has-large-font-size\" id=\"meidan-ratkaisumme\">Meid\u00e4n ratkaisumme<\/h2>\n\n\n\n<div style=\"height:31px\" aria-hidden=\"true\" class=\"wp-block-spacer\"><\/div>\n\n\n\n<p class=\"has-text-align-center has-medium-font-size\">Tarjoamme jokaiselle asiakkaalle nimenomaan heid\u00e4n tarpeisiinsa parhaiten sopivan palvelukokonaisuuden.<\/p>\n\n\n\n<p class=\"has-text-align-center has-medium-font-size\">Palvelun laajuus riippuu asiakkaan tarpeesta &#8211; alkaen toiminnan j\u00e4rjest\u00e4misen suunnittelusta\/neuvonnasta, anestesial\u00e4\u00e4k\u00e4rin palvelusta, koko anestesiatoiminnan j\u00e4rjest\u00e4miseen laitteineen ja l\u00e4\u00e4kkeineen.<\/p>\n\n\n\n<div style=\"height:12px\" aria-hidden=\"true\" class=\"wp-block-spacer\"><\/div>\n\n\n\n<hr class=\"wp-block-separator has-css-opacity\"\/>\n\n\n\n<div style=\"height:16px\" aria-hidden=\"true\" class=\"wp-block-spacer\"><\/div>\n\n\n\n<p class=\"has-text-align-center has-medium-font-size\">Emme ole v\u00e4litysfirma, tarjoamme palvelun aina omalla henkil\u00f6kunnallamme. N\u00e4in olleen voimme olla varmoja palvelun laadusta ja kehitt\u00e4\u00e4 palvelua jokaisen asiakkaan tarpeiden mukaisesti. Jos oma kapasiteettimme ei riit\u00e4, meilt\u00e4 l\u00f6ytyy useita yhteisty\u00f6kumppaneita, joita voimme suositella. <\/p>\n\n\n\n<p class=\"has-text-align-center has-medium-font-size\">Periaatteisiimme ei kuuluu tienata v\u00e4litystoiminnasta, joten ehdotetut yhteisty\u00f6kumppanimme ovat aina my\u00f6s kustannustehokas ratkaisu.<\/p>\n\n\n\n<div style=\"height:36px\" aria-hidden=\"true\" class=\"wp-block-spacer\"><\/div>\n\n\n\n<div id=\"section-ga0f031\" class=\"wp-block-gutentor-e2 section-ga0f031 gutentor-element gutentor-element-button button-align-center-desktop\"><span class=\"gutentor-button-wrap\"><a class=\"gutentor-button gutentor-block-button gutentor-icon-hide\" href=\"https:\/\/www.aronyaid.fi\/index.php\/yhteenottolomake\/\"><i class=\"gutentor-button-icon fas fa-book\"><\/i><span>Ota yhteytt\u00e4<\/span><\/a><\/span><\/div>\n","protected":false},"excerpt":{"rendered":"<p>Anestesiapalvelut Yh\u00e4 suurempi m\u00e4\u00e4r\u00e4 anestesioita suoritetaan pieniss\u00e4 toimenpideyksik\u00f6iss\u00e4 tai ylip\u00e4\u00e4t\u00e4\u00e4n jossakin muualla kuin leikkaussaliolosuhteissa (kuvantamisyksik\u00f6t, hammasklinikat). Sellainen toiminta on p\u00e4\u00e4osin ep\u00e4s\u00e4\u00e4nn\u00f6llist\u00e4 ja oman anestesiatoiminnan perustaminen siihen ei usein ole j\u00e4rkev\u00e4 eik\u00e4 kustannustehokasta. Yh\u00e4 enemm\u00e4n, yh\u00e4 suurempia toimenpiteit\u00e4 suoritetaan yh\u00e4 sairaammille potilaille. Sellainen toiminta sy\u00f6 normaalia enemm\u00e4n anestesial\u00e4\u00e4k\u00e4riresurssia ja vaatii hyv\u00e4n hoitotuloksen aikaansaamiseksi erityisosaamista. Virkaehtosopimukset ovat&hellip;<\/p>\n","protected":false},"author":1,"featured_media":0,"parent":0,"menu_order":0,"comment_status":"closed","ping_status":"closed","template":"","meta":{"footnotes":""},"class_list":["post-46","page","type-page","status-publish","hentry"],"yoast_head":"<!-- This site is optimized with the Yoast SEO plugin v27.6 - https:\/\/yoast.com\/product\/yoast-seo-wordpress\/ -->\n<title>Anestesiapalvelut - Anestesiapalvelut<\/title>\n<meta name=\"description\" content=\"AronyAid Oy tarjoaa anestesiapalveluja eritt\u00e4in kokeneella henkil\u00f6kunnalla ja laadukkaalla laitteistolla p\u00e4\u00e4asiallisesti Etel\u00e4-Suomessa.\" \/>\n<meta name=\"robots\" content=\"index, follow, max-snippet:-1, max-image-preview:large, max-video-preview:-1\" \/>\n<link rel=\"canonical\" href=\"https:\/\/www.aronyaid.fi\/index.php\/anestesiapalvelut\/\" \/>\n<meta property=\"og:locale\" content=\"fi_FI\" \/>\n<meta property=\"og:type\" content=\"article\" \/>\n<meta property=\"og:title\" content=\"Anestesiapalvelut - Anestesiapalvelut\" \/>\n<meta property=\"og:description\" content=\"AronyAid Oy tarjoaa anestesiapalveluja eritt\u00e4in kokeneella henkil\u00f6kunnalla ja laadukkaalla laitteistolla p\u00e4\u00e4asiallisesti Etel\u00e4-Suomessa.\" \/>\n<meta property=\"og:url\" content=\"https:\/\/www.aronyaid.fi\/index.php\/anestesiapalvelut\/\" \/>\n<meta property=\"og:site_name\" content=\"AronyAid Oy\" \/>\n<meta property=\"article:modified_time\" content=\"2025-10-09T09:03:35+00:00\" \/>\n<meta name=\"twitter:card\" content=\"summary_large_image\" \/>\n<meta name=\"twitter:label1\" content=\"Arvioitu lukuaika\" \/>\n\t<meta name=\"twitter:data1\" content=\"2 minuuttia\" \/>\n<script type=\"application\/ld+json\" class=\"yoast-schema-graph\">{\"@context\":\"https:\\\/\\\/schema.org\",\"@graph\":[{\"@type\":\"WebPage\",\"@id\":\"https:\\\/\\\/www.aronyaid.fi\\\/index.php\\\/anestesiapalvelut\\\/\",\"url\":\"https:\\\/\\\/www.aronyaid.fi\\\/index.php\\\/anestesiapalvelut\\\/\",\"name\":\"Anestesiapalvelut - Anestesiapalvelut\",\"isPartOf\":{\"@id\":\"https:\\\/\\\/www.aronyaid.fi\\\/#website\"},\"datePublished\":\"2021-08-20T09:45:15+00:00\",\"dateModified\":\"2025-10-09T09:03:35+00:00\",\"description\":\"AronyAid Oy tarjoaa anestesiapalveluja eritt\u00e4in kokeneella henkil\u00f6kunnalla ja laadukkaalla laitteistolla p\u00e4\u00e4asiallisesti Etel\u00e4-Suomessa.\",\"breadcrumb\":{\"@id\":\"https:\\\/\\\/www.aronyaid.fi\\\/index.php\\\/anestesiapalvelut\\\/#breadcrumb\"},\"inLanguage\":\"fi\",\"potentialAction\":[{\"@type\":\"ReadAction\",\"target\":[\"https:\\\/\\\/www.aronyaid.fi\\\/index.php\\\/anestesiapalvelut\\\/\"]}]},{\"@type\":\"BreadcrumbList\",\"@id\":\"https:\\\/\\\/www.aronyaid.fi\\\/index.php\\\/anestesiapalvelut\\\/#breadcrumb\",\"itemListElement\":[{\"@type\":\"ListItem\",\"position\":1,\"name\":\"Etusivu\",\"item\":\"https:\\\/\\\/www.aronyaid.fi\\\/\"},{\"@type\":\"ListItem\",\"position\":2,\"name\":\"Anestesiapalvelut\"}]},{\"@type\":\"WebSite\",\"@id\":\"https:\\\/\\\/www.aronyaid.fi\\\/#website\",\"url\":\"https:\\\/\\\/www.aronyaid.fi\\\/\",\"name\":\"AronyAid Oy\",\"description\":\"Anestesiapalvelut ja tehohoito\",\"publisher\":{\"@id\":\"https:\\\/\\\/www.aronyaid.fi\\\/#organization\"},\"potentialAction\":[{\"@type\":\"SearchAction\",\"target\":{\"@type\":\"EntryPoint\",\"urlTemplate\":\"https:\\\/\\\/www.aronyaid.fi\\\/?s={search_term_string}\"},\"query-input\":{\"@type\":\"PropertyValueSpecification\",\"valueRequired\":true,\"valueName\":\"search_term_string\"}}],\"inLanguage\":\"fi\"},{\"@type\":\"Organization\",\"@id\":\"https:\\\/\\\/www.aronyaid.fi\\\/#organization\",\"name\":\"AronyAid Oy\",\"url\":\"https:\\\/\\\/www.aronyaid.fi\\\/\",\"logo\":{\"@type\":\"ImageObject\",\"inLanguage\":\"fi\",\"@id\":\"https:\\\/\\\/www.aronyaid.fi\\\/#\\\/schema\\\/logo\\\/image\\\/\",\"url\":\"https:\\\/\\\/www.aronyaid.fi\\\/wp-content\\\/uploads\\\/2021\\\/08\\\/cropped-AronyAid-valge-kitsas-logo-1-scaled-1.jpg\",\"contentUrl\":\"https:\\\/\\\/www.aronyaid.fi\\\/wp-content\\\/uploads\\\/2021\\\/08\\\/cropped-AronyAid-valge-kitsas-logo-1-scaled-1.jpg\",\"width\":2560,\"height\":828,\"caption\":\"AronyAid Oy\"},\"image\":{\"@id\":\"https:\\\/\\\/www.aronyaid.fi\\\/#\\\/schema\\\/logo\\\/image\\\/\"}}]}<\/script>\n<!-- \/ Yoast SEO plugin. -->","yoast_head_json":{"title":"Anestesiapalvelut - Anestesiapalvelut","description":"AronyAid Oy tarjoaa anestesiapalveluja eritt\u00e4in kokeneella henkil\u00f6kunnalla ja laadukkaalla laitteistolla p\u00e4\u00e4asiallisesti Etel\u00e4-Suomessa.","robots":{"index":"index","follow":"follow","max-snippet":"max-snippet:-1","max-image-preview":"max-image-preview:large","max-video-preview":"max-video-preview:-1"},"canonical":"https:\/\/www.aronyaid.fi\/index.php\/anestesiapalvelut\/","og_locale":"fi_FI","og_type":"article","og_title":"Anestesiapalvelut - Anestesiapalvelut","og_description":"AronyAid Oy tarjoaa anestesiapalveluja eritt\u00e4in kokeneella henkil\u00f6kunnalla ja laadukkaalla laitteistolla p\u00e4\u00e4asiallisesti Etel\u00e4-Suomessa.","og_url":"https:\/\/www.aronyaid.fi\/index.php\/anestesiapalvelut\/","og_site_name":"AronyAid Oy","article_modified_time":"2025-10-09T09:03:35+00:00","twitter_card":"summary_large_image","twitter_misc":{"Arvioitu lukuaika":"2 minuuttia"},"schema":{"@context":"https:\/\/schema.org","@graph":[{"@type":"WebPage","@id":"https:\/\/www.aronyaid.fi\/index.php\/anestesiapalvelut\/","url":"https:\/\/www.aronyaid.fi\/index.php\/anestesiapalvelut\/","name":"Anestesiapalvelut - Anestesiapalvelut","isPartOf":{"@id":"https:\/\/www.aronyaid.fi\/#website"},"datePublished":"2021-08-20T09:45:15+00:00","dateModified":"2025-10-09T09:03:35+00:00","description":"AronyAid Oy tarjoaa anestesiapalveluja eritt\u00e4in kokeneella henkil\u00f6kunnalla ja laadukkaalla laitteistolla p\u00e4\u00e4asiallisesti Etel\u00e4-Suomessa.","breadcrumb":{"@id":"https:\/\/www.aronyaid.fi\/index.php\/anestesiapalvelut\/#breadcrumb"},"inLanguage":"fi","potentialAction":[{"@type":"ReadAction","target":["https:\/\/www.aronyaid.fi\/index.php\/anestesiapalvelut\/"]}]},{"@type":"BreadcrumbList","@id":"https:\/\/www.aronyaid.fi\/index.php\/anestesiapalvelut\/#breadcrumb","itemListElement":[{"@type":"ListItem","position":1,"name":"Etusivu","item":"https:\/\/www.aronyaid.fi\/"},{"@type":"ListItem","position":2,"name":"Anestesiapalvelut"}]},{"@type":"WebSite","@id":"https:\/\/www.aronyaid.fi\/#website","url":"https:\/\/www.aronyaid.fi\/","name":"AronyAid Oy","description":"Anestesiapalvelut ja tehohoito","publisher":{"@id":"https:\/\/www.aronyaid.fi\/#organization"},"potentialAction":[{"@type":"SearchAction","target":{"@type":"EntryPoint","urlTemplate":"https:\/\/www.aronyaid.fi\/?s={search_term_string}"},"query-input":{"@type":"PropertyValueSpecification","valueRequired":true,"valueName":"search_term_string"}}],"inLanguage":"fi"},{"@type":"Organization","@id":"https:\/\/www.aronyaid.fi\/#organization","name":"AronyAid Oy","url":"https:\/\/www.aronyaid.fi\/","logo":{"@type":"ImageObject","inLanguage":"fi","@id":"https:\/\/www.aronyaid.fi\/#\/schema\/logo\/image\/","url":"https:\/\/www.aronyaid.fi\/wp-content\/uploads\/2021\/08\/cropped-AronyAid-valge-kitsas-logo-1-scaled-1.jpg","contentUrl":"https:\/\/www.aronyaid.fi\/wp-content\/uploads\/2021\/08\/cropped-AronyAid-valge-kitsas-logo-1-scaled-1.jpg","width":2560,"height":828,"caption":"AronyAid Oy"},"image":{"@id":"https:\/\/www.aronyaid.fi\/#\/schema\/logo\/image\/"}}]}},"jetpack_sharing_enabled":true,"_links":{"self":[{"href":"https:\/\/www.aronyaid.fi\/index.php\/wp-json\/wp\/v2\/pages\/46","targetHints":{"allow":["GET"]}}],"collection":[{"href":"https:\/\/www.aronyaid.fi\/index.php\/wp-json\/wp\/v2\/pages"}],"about":[{"href":"https:\/\/www.aronyaid.fi\/index.php\/wp-json\/wp\/v2\/types\/page"}],"author":[{"embeddable":true,"href":"https:\/\/www.aronyaid.fi\/index.php\/wp-json\/wp\/v2\/users\/1"}],"replies":[{"embeddable":true,"href":"https:\/\/www.aronyaid.fi\/index.php\/wp-json\/wp\/v2\/comments?post=46"}],"version-history":[{"count":21,"href":"https:\/\/www.aronyaid.fi\/index.php\/wp-json\/wp\/v2\/pages\/46\/revisions"}],"predecessor-version":[{"id":1069,"href":"https:\/\/www.aronyaid.fi\/index.php\/wp-json\/wp\/v2\/pages\/46\/revisions\/1069"}],"wp:attachment":[{"href":"https:\/\/www.aronyaid.fi\/index.php\/wp-json\/wp\/v2\/media?parent=46"}],"curies":[{"name":"wp","href":"https:\/\/api.w.org\/{rel}","templated":true}]}}