{"id":49,"date":"2021-08-20T09:45:15","date_gmt":"2021-08-20T09:45:15","guid":{"rendered":"http:\/\/www.aronyaid.fi\/?page_id=49"},"modified":"2025-10-09T11:32:24","modified_gmt":"2025-10-09T08:32:24","slug":"laakarinpalvelut","status":"publish","type":"page","link":"https:\/\/www.aronyaid.fi\/index.php\/laakarinpalvelut\/","title":{"rendered":"L\u00e4\u00e4k\u00e4rinpalvelut"},"content":{"rendered":"\n<div style=\"height:0px\" aria-hidden=\"true\" class=\"wp-block-spacer\"><\/div>\n\n\n\n<div style=\"height:24px\" aria-hidden=\"true\" class=\"wp-block-spacer\"><\/div>\n\n\n\n<div id=\"section-gbe89ee\" class=\"wp-block-gutentor-e6 section-gbe89ee gutentor-element gutentor-element-image text-align-center-desktop\"><div class=\"gutentor-element-image-box\"><div class=\"gutentor-image-thumb\"><img decoding=\"async\" class=\"normal-image\" src=\"https:\/\/www.aronyaid.fi\/wp-content\/uploads\/2022\/08\/istockphoto-1056452596-612x612-1-300x251.jpg\" \/><\/div><\/div><\/div>\n\n\n\n<div style=\"height:29px\" aria-hidden=\"true\" class=\"wp-block-spacer\"><\/div>\n\n\n\n<p class=\"has-text-align-center has-medium-font-size\">Tarjoamme sek\u00e4 anestesiapalveluita, ett\u00e4 tehohoitol\u00e4\u00e4k\u00e4rien erikoisosaamista v\u00e4liaikaiseen k\u00e4ytt\u00f6\u00f6n niin suunnitelluissa (lomakaudet, erikoistoimenpiteet), kuin yll\u00e4tt\u00e4viss\u00e4 tilanteissa (sairastuminen, erikoispotilaat).<\/p>\n\n\n\n<div style=\"height:100px\" aria-hidden=\"true\" class=\"wp-block-spacer\"><\/div>\n\n\n\n<section id=\"gme6cae65\" class=\"wp-block-gutentor-m2 section-gme6cae65 gutentor-module gutentor-dynamic-columns\"><div class=\"grid-container\"><div class=\"grid-row\">\n<div id=\"col-gm806515\" class=\"wp-block-gutentor-m2-col col-gm806515 gutentor-module gutentor-dynamic-single-column grid-lg-6 grid-md-4 grid-12 g-single-column-link-enabled\"><div id=\"section-gm806515\" class=\"section-gm806515 gutentor-single-col\">\n<h2 class=\"wp-block-heading has-text-color\" style=\"color:#c43333\">Tehohoitopalvelut<\/h2>\n\n\n\n<div id=\"section-gd9ca93\" class=\"wp-block-gutentor-e6 section-gd9ca93 gutentor-element gutentor-element-image\"><div class=\"gutentor-element-image-box\"><div class=\"gutentor-image-thumb\"><img decoding=\"async\" class=\"normal-image\" src=\"https:\/\/www.aronyaid.fi\/wp-content\/uploads\/2022\/08\/ICU-drawing.jpg\" \/><\/div><\/div><\/div>\n<\/div><a class=\"gutentor-link\" href=\"https:\/\/www.aronyaid.fi\/index.php\/tehohoitopalvelut\/\"><\/a><\/div>\n\n\n\n<div id=\"col-gm55b017\" class=\"wp-block-gutentor-m2-col col-gm55b017 gutentor-module gutentor-dynamic-single-column grid-lg-6 grid-md-4 grid-12 g-single-column-link-enabled\"><div id=\"section-gm55b017\" class=\"section-gm55b017 gutentor-single-col\">\n<h2 class=\"wp-block-heading has-text-color\" style=\"color:#c43333\">Anestesiapalvelut<\/h2>\n\n\n\n<div id=\"section-g161470\" class=\"wp-block-gutentor-e6 section-g161470 gutentor-element gutentor-element-image\"><div class=\"gutentor-element-image-box\"><div class=\"gutentor-image-thumb\"><img decoding=\"async\" class=\"normal-image\" src=\"https:\/\/www.aronyaid.fi\/wp-content\/uploads\/2022\/08\/anesthesiologist-resting-operation-hand-drawn-illustration-65262339-e1660147476871.jpg\" \/><\/div><\/div><\/div>\n<\/div><a class=\"gutentor-link\" href=\"https:\/\/www.aronyaid.fi\/index.php\/anestesiapalvelut\/\"><\/a><\/div>\n<\/div><\/div><\/section>\n\n\n\n<div style=\"height:11px\" aria-hidden=\"true\" class=\"wp-block-spacer\"><\/div>\n\n\n\n<div id=\"section-g8e91ed\" class=\"wp-block-gutentor-e2 section-g8e91ed gutentor-element gutentor-element-button button-align-center-desktop\"><span class=\"gutentor-button-wrap\"><a class=\"gutentor-button gutentor-block-button gutentor-icon-hide\" href=\"https:\/\/www.aronyaid.fi\/index.php\/yhteenottolomake\/\"><i class=\"gutentor-button-icon fas fa-book\"><\/i><span>Ota yhteytt\u00e4<\/span><\/a><\/span><\/div>\n","protected":false},"excerpt":{"rendered":"<p>Tarjoamme sek\u00e4 anestesiapalveluita, ett\u00e4 tehohoitol\u00e4\u00e4k\u00e4rien erikoisosaamista v\u00e4liaikaiseen k\u00e4ytt\u00f6\u00f6n niin suunnitelluissa (lomakaudet, erikoistoimenpiteet), kuin yll\u00e4tt\u00e4viss\u00e4 tilanteissa (sairastuminen, erikoispotilaat).<\/p>\n","protected":false},"author":1,"featured_media":0,"parent":0,"menu_order":0,"comment_status":"closed","ping_status":"closed","template":"","meta":{"footnotes":""},"class_list":["post-49","page","type-page","status-publish","hentry"],"yoast_head":"<!-- This site is optimized with the Yoast SEO plugin v27.4 - https:\/\/yoast.com\/product\/yoast-seo-wordpress\/ -->\n<title>L\u00e4\u00e4k\u00e4rinpalvelut - AronyAid Oy<\/title>\n<meta name=\"robots\" content=\"index, follow, max-snippet:-1, max-image-preview:large, max-video-preview:-1\" \/>\n<link rel=\"canonical\" href=\"https:\/\/www.aronyaid.fi\/index.php\/laakarinpalvelut\/\" \/>\n<meta property=\"og:locale\" content=\"fi_FI\" \/>\n<meta property=\"og:type\" content=\"article\" \/>\n<meta property=\"og:title\" content=\"L\u00e4\u00e4k\u00e4rinpalvelut - AronyAid Oy\" \/>\n<meta property=\"og:description\" content=\"Tarjoamme sek\u00e4 anestesiapalveluita, ett\u00e4 tehohoitol\u00e4\u00e4k\u00e4rien erikoisosaamista v\u00e4liaikaiseen k\u00e4ytt\u00f6\u00f6n niin suunnitelluissa (lomakaudet, erikoistoimenpiteet), kuin yll\u00e4tt\u00e4viss\u00e4 tilanteissa (sairastuminen, erikoispotilaat).\" \/>\n<meta property=\"og:url\" content=\"https:\/\/www.aronyaid.fi\/index.php\/laakarinpalvelut\/\" \/>\n<meta property=\"og:site_name\" content=\"AronyAid Oy\" \/>\n<meta property=\"article:modified_time\" content=\"2025-10-09T08:32:24+00:00\" \/>\n<meta property=\"og:image\" content=\"https:\/\/www.aronyaid.fi\/wp-content\/uploads\/2022\/08\/istockphoto-1056452596-612x612-1-300x251.jpg\" \/>\n<meta name=\"twitter:card\" content=\"summary_large_image\" \/>\n<meta name=\"twitter:label1\" content=\"Arvioitu lukuaika\" \/>\n\t<meta name=\"twitter:data1\" content=\"1 minuutti\" \/>\n<script type=\"application\/ld+json\" class=\"yoast-schema-graph\">{\"@context\":\"https:\\\/\\\/schema.org\",\"@graph\":[{\"@type\":\"WebPage\",\"@id\":\"https:\\\/\\\/www.aronyaid.fi\\\/index.php\\\/laakarinpalvelut\\\/\",\"url\":\"https:\\\/\\\/www.aronyaid.fi\\\/index.php\\\/laakarinpalvelut\\\/\",\"name\":\"L\u00e4\u00e4k\u00e4rinpalvelut - AronyAid Oy\",\"isPartOf\":{\"@id\":\"https:\\\/\\\/www.aronyaid.fi\\\/#website\"},\"primaryImageOfPage\":{\"@id\":\"https:\\\/\\\/www.aronyaid.fi\\\/index.php\\\/laakarinpalvelut\\\/#primaryimage\"},\"image\":{\"@id\":\"https:\\\/\\\/www.aronyaid.fi\\\/index.php\\\/laakarinpalvelut\\\/#primaryimage\"},\"thumbnailUrl\":\"https:\\\/\\\/www.aronyaid.fi\\\/wp-content\\\/uploads\\\/2022\\\/08\\\/istockphoto-1056452596-612x612-1-300x251.jpg\",\"datePublished\":\"2021-08-20T09:45:15+00:00\",\"dateModified\":\"2025-10-09T08:32:24+00:00\",\"breadcrumb\":{\"@id\":\"https:\\\/\\\/www.aronyaid.fi\\\/index.php\\\/laakarinpalvelut\\\/#breadcrumb\"},\"inLanguage\":\"fi\",\"potentialAction\":[{\"@type\":\"ReadAction\",\"target\":[\"https:\\\/\\\/www.aronyaid.fi\\\/index.php\\\/laakarinpalvelut\\\/\"]}]},{\"@type\":\"ImageObject\",\"inLanguage\":\"fi\",\"@id\":\"https:\\\/\\\/www.aronyaid.fi\\\/index.php\\\/laakarinpalvelut\\\/#primaryimage\",\"url\":\"https:\\\/\\\/www.aronyaid.fi\\\/wp-content\\\/uploads\\\/2022\\\/08\\\/istockphoto-1056452596-612x612-1.jpg\",\"contentUrl\":\"https:\\\/\\\/www.aronyaid.fi\\\/wp-content\\\/uploads\\\/2022\\\/08\\\/istockphoto-1056452596-612x612-1.jpg\",\"width\":612,\"height\":512,\"caption\":\"Exhausted overworked doctor or intern lying on a gurney, EPS 8 vector illustration\"},{\"@type\":\"BreadcrumbList\",\"@id\":\"https:\\\/\\\/www.aronyaid.fi\\\/index.php\\\/laakarinpalvelut\\\/#breadcrumb\",\"itemListElement\":[{\"@type\":\"ListItem\",\"position\":1,\"name\":\"Etusivu\",\"item\":\"https:\\\/\\\/www.aronyaid.fi\\\/\"},{\"@type\":\"ListItem\",\"position\":2,\"name\":\"L\u00e4\u00e4k\u00e4rinpalvelut\"}]},{\"@type\":\"WebSite\",\"@id\":\"https:\\\/\\\/www.aronyaid.fi\\\/#website\",\"url\":\"https:\\\/\\\/www.aronyaid.fi\\\/\",\"name\":\"AronyAid Oy\",\"description\":\"Anestesiapalvelut ja tehohoito\",\"publisher\":{\"@id\":\"https:\\\/\\\/www.aronyaid.fi\\\/#organization\"},\"potentialAction\":[{\"@type\":\"SearchAction\",\"target\":{\"@type\":\"EntryPoint\",\"urlTemplate\":\"https:\\\/\\\/www.aronyaid.fi\\\/?s={search_term_string}\"},\"query-input\":{\"@type\":\"PropertyValueSpecification\",\"valueRequired\":true,\"valueName\":\"search_term_string\"}}],\"inLanguage\":\"fi\"},{\"@type\":\"Organization\",\"@id\":\"https:\\\/\\\/www.aronyaid.fi\\\/#organization\",\"name\":\"AronyAid Oy\",\"url\":\"https:\\\/\\\/www.aronyaid.fi\\\/\",\"logo\":{\"@type\":\"ImageObject\",\"inLanguage\":\"fi\",\"@id\":\"https:\\\/\\\/www.aronyaid.fi\\\/#\\\/schema\\\/logo\\\/image\\\/\",\"url\":\"https:\\\/\\\/www.aronyaid.fi\\\/wp-content\\\/uploads\\\/2021\\\/08\\\/cropped-AronyAid-valge-kitsas-logo-1-scaled-1.jpg\",\"contentUrl\":\"https:\\\/\\\/www.aronyaid.fi\\\/wp-content\\\/uploads\\\/2021\\\/08\\\/cropped-AronyAid-valge-kitsas-logo-1-scaled-1.jpg\",\"width\":2560,\"height\":828,\"caption\":\"AronyAid Oy\"},\"image\":{\"@id\":\"https:\\\/\\\/www.aronyaid.fi\\\/#\\\/schema\\\/logo\\\/image\\\/\"}}]}<\/script>\n<!-- \/ Yoast SEO plugin. -->","yoast_head_json":{"title":"L\u00e4\u00e4k\u00e4rinpalvelut - AronyAid Oy","robots":{"index":"index","follow":"follow","max-snippet":"max-snippet:-1","max-image-preview":"max-image-preview:large","max-video-preview":"max-video-preview:-1"},"canonical":"https:\/\/www.aronyaid.fi\/index.php\/laakarinpalvelut\/","og_locale":"fi_FI","og_type":"article","og_title":"L\u00e4\u00e4k\u00e4rinpalvelut - AronyAid Oy","og_description":"Tarjoamme sek\u00e4 anestesiapalveluita, ett\u00e4 tehohoitol\u00e4\u00e4k\u00e4rien erikoisosaamista v\u00e4liaikaiseen k\u00e4ytt\u00f6\u00f6n niin suunnitelluissa (lomakaudet, erikoistoimenpiteet), kuin yll\u00e4tt\u00e4viss\u00e4 tilanteissa (sairastuminen, erikoispotilaat).","og_url":"https:\/\/www.aronyaid.fi\/index.php\/laakarinpalvelut\/","og_site_name":"AronyAid Oy","article_modified_time":"2025-10-09T08:32:24+00:00","og_image":[{"url":"https:\/\/www.aronyaid.fi\/wp-content\/uploads\/2022\/08\/istockphoto-1056452596-612x612-1-300x251.jpg","type":"","width":"","height":""}],"twitter_card":"summary_large_image","twitter_misc":{"Arvioitu lukuaika":"1 minuutti"},"schema":{"@context":"https:\/\/schema.org","@graph":[{"@type":"WebPage","@id":"https:\/\/www.aronyaid.fi\/index.php\/laakarinpalvelut\/","url":"https:\/\/www.aronyaid.fi\/index.php\/laakarinpalvelut\/","name":"L\u00e4\u00e4k\u00e4rinpalvelut - AronyAid Oy","isPartOf":{"@id":"https:\/\/www.aronyaid.fi\/#website"},"primaryImageOfPage":{"@id":"https:\/\/www.aronyaid.fi\/index.php\/laakarinpalvelut\/#primaryimage"},"image":{"@id":"https:\/\/www.aronyaid.fi\/index.php\/laakarinpalvelut\/#primaryimage"},"thumbnailUrl":"https:\/\/www.aronyaid.fi\/wp-content\/uploads\/2022\/08\/istockphoto-1056452596-612x612-1-300x251.jpg","datePublished":"2021-08-20T09:45:15+00:00","dateModified":"2025-10-09T08:32:24+00:00","breadcrumb":{"@id":"https:\/\/www.aronyaid.fi\/index.php\/laakarinpalvelut\/#breadcrumb"},"inLanguage":"fi","potentialAction":[{"@type":"ReadAction","target":["https:\/\/www.aronyaid.fi\/index.php\/laakarinpalvelut\/"]}]},{"@type":"ImageObject","inLanguage":"fi","@id":"https:\/\/www.aronyaid.fi\/index.php\/laakarinpalvelut\/#primaryimage","url":"https:\/\/www.aronyaid.fi\/wp-content\/uploads\/2022\/08\/istockphoto-1056452596-612x612-1.jpg","contentUrl":"https:\/\/www.aronyaid.fi\/wp-content\/uploads\/2022\/08\/istockphoto-1056452596-612x612-1.jpg","width":612,"height":512,"caption":"Exhausted overworked doctor or intern lying on a gurney, EPS 8 vector illustration"},{"@type":"BreadcrumbList","@id":"https:\/\/www.aronyaid.fi\/index.php\/laakarinpalvelut\/#breadcrumb","itemListElement":[{"@type":"ListItem","position":1,"name":"Etusivu","item":"https:\/\/www.aronyaid.fi\/"},{"@type":"ListItem","position":2,"name":"L\u00e4\u00e4k\u00e4rinpalvelut"}]},{"@type":"WebSite","@id":"https:\/\/www.aronyaid.fi\/#website","url":"https:\/\/www.aronyaid.fi\/","name":"AronyAid Oy","description":"Anestesiapalvelut ja tehohoito","publisher":{"@id":"https:\/\/www.aronyaid.fi\/#organization"},"potentialAction":[{"@type":"SearchAction","target":{"@type":"EntryPoint","urlTemplate":"https:\/\/www.aronyaid.fi\/?s={search_term_string}"},"query-input":{"@type":"PropertyValueSpecification","valueRequired":true,"valueName":"search_term_string"}}],"inLanguage":"fi"},{"@type":"Organization","@id":"https:\/\/www.aronyaid.fi\/#organization","name":"AronyAid Oy","url":"https:\/\/www.aronyaid.fi\/","logo":{"@type":"ImageObject","inLanguage":"fi","@id":"https:\/\/www.aronyaid.fi\/#\/schema\/logo\/image\/","url":"https:\/\/www.aronyaid.fi\/wp-content\/uploads\/2021\/08\/cropped-AronyAid-valge-kitsas-logo-1-scaled-1.jpg","contentUrl":"https:\/\/www.aronyaid.fi\/wp-content\/uploads\/2021\/08\/cropped-AronyAid-valge-kitsas-logo-1-scaled-1.jpg","width":2560,"height":828,"caption":"AronyAid Oy"},"image":{"@id":"https:\/\/www.aronyaid.fi\/#\/schema\/logo\/image\/"}}]}},"jetpack_sharing_enabled":true,"_links":{"self":[{"href":"https:\/\/www.aronyaid.fi\/index.php\/wp-json\/wp\/v2\/pages\/49","targetHints":{"allow":["GET"]}}],"collection":[{"href":"https:\/\/www.aronyaid.fi\/index.php\/wp-json\/wp\/v2\/pages"}],"about":[{"href":"https:\/\/www.aronyaid.fi\/index.php\/wp-json\/wp\/v2\/types\/page"}],"author":[{"embeddable":true,"href":"https:\/\/www.aronyaid.fi\/index.php\/wp-json\/wp\/v2\/users\/1"}],"replies":[{"embeddable":true,"href":"https:\/\/www.aronyaid.fi\/index.php\/wp-json\/wp\/v2\/comments?post=49"}],"version-history":[{"count":18,"href":"https:\/\/www.aronyaid.fi\/index.php\/wp-json\/wp\/v2\/pages\/49\/revisions"}],"predecessor-version":[{"id":1063,"href":"https:\/\/www.aronyaid.fi\/index.php\/wp-json\/wp\/v2\/pages\/49\/revisions\/1063"}],"wp:attachment":[{"href":"https:\/\/www.aronyaid.fi\/index.php\/wp-json\/wp\/v2\/media?parent=49"}],"curies":[{"name":"wp","href":"https:\/\/api.w.org\/{rel}","templated":true}]}}