{"id":512,"date":"2022-08-10T11:50:53","date_gmt":"2022-08-10T08:50:53","guid":{"rendered":"https:\/\/www.aronyaid.fi\/?page_id=512"},"modified":"2025-09-25T10:53:36","modified_gmt":"2025-09-25T07:53:36","slug":"miten-voimme-auttaa","status":"publish","type":"page","link":"https:\/\/www.aronyaid.fi\/","title":{"rendered":"Miten voimme auttaa?"},"content":{"rendered":"\n<div class=\"wp-block-group\"><div class=\"wp-block-group__inner-container is-layout-flow wp-block-group-is-layout-flow\">\n<p><\/p>\n<\/div><\/div>\n\n\n\n<section id=\"gmb5e6578\" class=\"wp-block-gutentor-m2 section-gmb5e6578 gutentor-module gutentor-dynamic-columns\"><div class=\"grid-container\"><div class=\"grid-row\">\n<div id=\"col-gm4ea3bb\" class=\"wp-block-gutentor-m2-col col-gm4ea3bb gutentor-module gutentor-dynamic-single-column grid-lg-4 grid-md-4 grid-12 g-single-column-link-enabled\"><div id=\"section-gm4ea3bb\" class=\"section-gm4ea3bb gutentor-single-col has-color-bg has-custom-bg\">\n<h2 class=\"wp-block-heading has-text-color\" style=\"color:#c43333\">Tehohoitopalvelut<\/h2>\n\n\n\n<div id=\"section-gf7055c\" class=\"wp-block-gutentor-e6 section-gf7055c gutentor-element gutentor-element-image\"><div class=\"gutentor-element-image-box\"><div class=\"gutentor-image-thumb\"><img decoding=\"async\" class=\"normal-image\" src=\"https:\/\/www.aronyaid.fi\/wp-content\/uploads\/2022\/08\/ICU-drawing.jpg\" \/><\/div><\/div><\/div>\n<\/div><a class=\"gutentor-link\" href=\"https:\/\/www.aronyaid.fi\/index.php\/tehohoitopalvelut\/\"><\/a><\/div>\n\n\n\n<div id=\"col-gm5e561b\" class=\"wp-block-gutentor-m2-col col-gm5e561b gutentor-module gutentor-dynamic-single-column grid-lg-4 grid-md-4 grid-12 g-single-column-link-enabled\"><div id=\"section-gm5e561b\" class=\"section-gm5e561b gutentor-single-col\">\n<h2 class=\"wp-block-heading has-text-color\" style=\"color:#c43333\">Anestesiapalvelut<\/h2>\n\n\n\n<div id=\"section-g5c3ea7\" class=\"wp-block-gutentor-e6 section-g5c3ea7 gutentor-element gutentor-element-image\"><div class=\"gutentor-element-image-box\"><div class=\"gutentor-image-thumb\"><img decoding=\"async\" class=\"normal-image\" src=\"https:\/\/www.aronyaid.fi\/wp-content\/uploads\/2022\/08\/anesthesiologist-resting-operation-hand-drawn-illustration-65262339.jpg\" \/><\/div><\/div><\/div>\n<\/div><a class=\"gutentor-link\" href=\"https:\/\/www.aronyaid.fi\/index.php\/anestesiapalvelut\/\"><\/a><\/div>\n\n\n\n<div id=\"col-gmdcdb87\" class=\"wp-block-gutentor-m2-col col-gmdcdb87 gutentor-module gutentor-dynamic-single-column grid-lg-4 grid-md-4 grid-12 g-single-column-link-enabled\"><div id=\"section-gmdcdb87\" class=\"section-gmdcdb87 gutentor-single-col\">\n<h2 class=\"wp-block-heading has-text-color\" style=\"color:#c43333\">Potilasneuvonta<\/h2>\n\n\n\n<div id=\"section-gc1972c\" class=\"wp-block-gutentor-e6 section-gc1972c gutentor-element gutentor-element-image\"><div class=\"gutentor-element-image-box\"><div class=\"gutentor-image-thumb\"><img decoding=\"async\" class=\"normal-image\" src=\"https:\/\/www.aronyaid.fi\/wp-content\/uploads\/2022\/08\/HAP18_SecondOpinion-01-2-e1518624415709.webp\" \/><\/div><\/div><\/div>\n<\/div><a class=\"gutentor-link\" href=\"https:\/\/www.aronyaid.fi\/index.php\/potilasvahinko\/\"><\/a><\/div>\n\n\n\n<div id=\"col-gme06032\" class=\"wp-block-gutentor-m2-col col-gme06032 gutentor-module gutentor-dynamic-single-column grid-lg-4 grid-md-4 grid-12 g-single-column-link-enabled\"><div id=\"section-gme06032\" class=\"section-gme06032 gutentor-single-col\">\n<h2 class=\"wp-block-heading has-text-color\" style=\"color:#c43333\">V\u00e4linevuokraus<\/h2>\n\n\n\n<div id=\"section-g9c8e23\" class=\"wp-block-gutentor-e6 section-g9c8e23 gutentor-element gutentor-element-image\"><div class=\"gutentor-element-image-box\"><div class=\"gutentor-image-thumb\"><img decoding=\"async\" class=\"normal-image\" src=\"https:\/\/www.aronyaid.fi\/wp-content\/uploads\/2022\/08\/aac88f5b87788e05996a6754be413ed1.jpg\" \/><\/div><\/div><\/div>\n<\/div><a class=\"gutentor-link\" href=\"https:\/\/www.aronyaid.fi\/index.php\/laitteiston-vuokraus\/\"><\/a><\/div>\n\n\n\n<div id=\"col-gmfd3146\" class=\"wp-block-gutentor-m2-col col-gmfd3146 gutentor-module gutentor-dynamic-single-column grid-lg-4 grid-md-4 grid-12 g-single-column-link-enabled\"><div id=\"section-gmfd3146\" class=\"section-gmfd3146 gutentor-single-col\">\n<h2 class=\"wp-block-heading has-text-color\" style=\"color:#c43333\">Leikkaustoiminnan perustaminen ja toiminnan tehostaminen<\/h2>\n\n\n\n<div id=\"section-gf33760\" class=\"wp-block-gutentor-e6 section-gf33760 gutentor-element gutentor-element-image text-align-center-desktop\"><div class=\"gutentor-element-image-box\"><div class=\"gutentor-image-thumb\"><img decoding=\"async\" class=\"normal-image\" src=\"https:\/\/www.aronyaid.fi\/wp-content\/uploads\/2022\/08\/Lean-thinking.png\" \/><\/div><\/div><\/div>\n<\/div><a class=\"gutentor-link\" href=\"https:\/\/www.aronyaid.fi\/index.php\/leikkausyksikon-toiminnan-tehostaminen\/\"><\/a><\/div>\n\n\n\n<div id=\"col-gma60650\" class=\"wp-block-gutentor-m2-col col-gma60650 gutentor-module gutentor-dynamic-single-column grid-lg-4 grid-md-4 grid-12 g-single-column-link-enabled\"><div id=\"section-gma60650\" class=\"section-gma60650 gutentor-single-col\">\n<h2 class=\"wp-block-heading has-text-color\" style=\"color:#c43333\">Potilasturvallisuuden parantaminen <\/h2>\n\n\n\n<div id=\"section-gcfd02d\" class=\"wp-block-gutentor-e6 section-gcfd02d gutentor-element gutentor-element-image\"><div class=\"gutentor-element-image-box\"><div class=\"gutentor-image-thumb\"><img decoding=\"async\" class=\"normal-image\" src=\"https:\/\/www.aronyaid.fi\/wp-content\/uploads\/2022\/08\/patient-safety-concept-doodle-chart-keywords-icons-82635855.jpg\" \/><\/div><\/div><\/div>\n<\/div><a class=\"gutentor-link\" href=\"https:\/\/www.aronyaid.fi\/index.php\/potilasturvallisuuden-parantaminen\/\"><\/a><\/div>\n\n\n\n<div id=\"col-g-jllqtl7\" class=\"wp-block-gutentor-m2-col col-g-jllqtl7 gutentor-module gutentor-dynamic-single-column grid-lg-4 grid-md-4 grid-12\"><div id=\"section-g-jllqtl7\" class=\"section-g-jllqtl7 gutentor-single-col\"><\/div><\/div>\n\n\n\n<div id=\"col-g-s9x0033\" class=\"wp-block-gutentor-m2-col col-g-s9x0033 gutentor-module gutentor-dynamic-single-column grid-lg-4 grid-md-4 grid-12 g-single-column-link-enabled\"><div id=\"section-g-s9x0033\" class=\"section-g-s9x0033 gutentor-single-col\">\n<h2 class=\"wp-block-heading has-text-color has-link-color wp-elements-2e38f753015aceec1883e0eb7a5bd25f\" style=\"color:#c43333\">Keskuslaskimoportit<\/h2>\n\n\n\n<div id=\"section-g-1d0i8hv\" class=\"wp-block-gutentor-e6 section-g-1d0i8hv gutentor-element gutentor-element-image text-align-center-desktop\"><div class=\"gutentor-element-image-box\"><div class=\"gutentor-image-thumb\"><img decoding=\"async\" class=\"normal-image\" src=\"https:\/\/www.aronyaid.fi\/wp-content\/uploads\/2024\/10\/Laskimoportti-piirros.jpg\" \/><\/div><\/div><\/div>\n<\/div><a class=\"gutentor-link\" href=\"https:\/\/www.aronyaid.fi\/index.php\/keskuslaskimoportti\/\"><\/a><\/div>\n<\/div><\/div><\/section>\n\n\n\n<div style=\"height:24px\" aria-hidden=\"true\" class=\"wp-block-spacer\"><\/div>\n\n\n\n<div id=\"section-gc067c5\" class=\"wp-block-gutentor-e2 section-gc067c5 gutentor-element gutentor-element-button button-align-center-desktop\"><span class=\"gutentor-button-wrap\"><a class=\"gutentor-button gutentor-block-button gutentor-icon-hide\" href=\"https:\/\/www.aronyaid.fi\/index.php\/yhteenottolomake\/\"><i class=\"gutentor-button-icon fas fa-book\"><\/i><span>Ota yhteytt\u00e4<\/span><\/a><\/span><\/div>\n\n\n\n<div class=\"wp-block-columns is-layout-flex wp-container-core-columns-is-layout-9d6595d7 wp-block-columns-is-layout-flex\">\n<div class=\"wp-block-column is-layout-flow wp-block-column-is-layout-flow\" style=\"flex-basis:100%\">\n<div class=\"wp-block-columns is-layout-flex wp-container-core-columns-is-layout-9d6595d7 wp-block-columns-is-layout-flex\">\n<div class=\"wp-block-column is-layout-flow wp-block-column-is-layout-flow\"><\/div>\n<\/div>\n<\/div>\n<\/div>\n","protected":false},"excerpt":{"rendered":"","protected":false},"author":1,"featured_media":0,"parent":0,"menu_order":0,"comment_status":"closed","ping_status":"closed","template":"","meta":{"footnotes":""},"class_list":["post-512","page","type-page","status-publish","hentry"],"yoast_head":"<!-- This site is optimized with the Yoast SEO plugin v27.6 - https:\/\/yoast.com\/product\/yoast-seo-wordpress\/ -->\n<title>Miten voimme auttaa? - AronyAid Oy<\/title>\n<meta name=\"description\" content=\"AronyAid Oy tarjoaa anestesiapalvelut ja tehohoitopalvelut kokeneella henkil\u00f6kunnalla ja yst\u00e4vallisell\u00e4 asenteella.\" \/>\n<meta name=\"robots\" content=\"index, follow, max-snippet:-1, max-image-preview:large, max-video-preview:-1\" \/>\n<link rel=\"canonical\" href=\"https:\/\/www.aronyaid.fi\/\" \/>\n<meta property=\"og:locale\" content=\"fi_FI\" \/>\n<meta property=\"og:type\" content=\"article\" \/>\n<meta property=\"og:title\" content=\"Miten voimme auttaa? - AronyAid Oy\" \/>\n<meta property=\"og:description\" content=\"AronyAid Oy tarjoaa anestesiapalvelut ja tehohoitopalvelut kokeneella henkil\u00f6kunnalla ja yst\u00e4vallisell\u00e4 asenteella.\" \/>\n<meta property=\"og:url\" content=\"https:\/\/www.aronyaid.fi\/\" \/>\n<meta property=\"og:site_name\" content=\"AronyAid Oy\" \/>\n<meta property=\"article:modified_time\" content=\"2025-09-25T07:53:36+00:00\" \/>\n<meta property=\"og:image\" content=\"https:\/\/www.aronyaid.fi\/wp-content\/uploads\/2022\/08\/ICU-drawing.jpg\" \/>\n<meta name=\"twitter:card\" content=\"summary_large_image\" \/>\n<meta name=\"twitter:label1\" content=\"Arvioitu lukuaika\" \/>\n\t<meta name=\"twitter:data1\" content=\"2 minuuttia\" \/>\n<script type=\"application\/ld+json\" class=\"yoast-schema-graph\">{\"@context\":\"https:\\\/\\\/schema.org\",\"@graph\":[{\"@type\":\"WebPage\",\"@id\":\"https:\\\/\\\/www.aronyaid.fi\\\/\",\"url\":\"https:\\\/\\\/www.aronyaid.fi\\\/\",\"name\":\"Miten voimme auttaa? - AronyAid Oy\",\"isPartOf\":{\"@id\":\"https:\\\/\\\/www.aronyaid.fi\\\/#website\"},\"primaryImageOfPage\":{\"@id\":\"https:\\\/\\\/www.aronyaid.fi\\\/#primaryimage\"},\"image\":{\"@id\":\"https:\\\/\\\/www.aronyaid.fi\\\/#primaryimage\"},\"thumbnailUrl\":\"https:\\\/\\\/www.aronyaid.fi\\\/wp-content\\\/uploads\\\/2022\\\/08\\\/ICU-drawing.jpg\",\"datePublished\":\"2022-08-10T08:50:53+00:00\",\"dateModified\":\"2025-09-25T07:53:36+00:00\",\"description\":\"AronyAid Oy tarjoaa anestesiapalvelut ja tehohoitopalvelut kokeneella henkil\u00f6kunnalla ja yst\u00e4vallisell\u00e4 asenteella.\",\"breadcrumb\":{\"@id\":\"https:\\\/\\\/www.aronyaid.fi\\\/#breadcrumb\"},\"inLanguage\":\"fi\",\"potentialAction\":[{\"@type\":\"ReadAction\",\"target\":[\"https:\\\/\\\/www.aronyaid.fi\\\/\"]}]},{\"@type\":\"ImageObject\",\"inLanguage\":\"fi\",\"@id\":\"https:\\\/\\\/www.aronyaid.fi\\\/#primaryimage\",\"url\":\"https:\\\/\\\/www.aronyaid.fi\\\/wp-content\\\/uploads\\\/2022\\\/08\\\/ICU-drawing.jpg\",\"contentUrl\":\"https:\\\/\\\/www.aronyaid.fi\\\/wp-content\\\/uploads\\\/2022\\\/08\\\/ICU-drawing.jpg\",\"width\":1440,\"height\":1018},{\"@type\":\"BreadcrumbList\",\"@id\":\"https:\\\/\\\/www.aronyaid.fi\\\/#breadcrumb\",\"itemListElement\":[{\"@type\":\"ListItem\",\"position\":1,\"name\":\"Etusivu\",\"item\":\"https:\\\/\\\/www.aronyaid.fi\\\/\"},{\"@type\":\"ListItem\",\"position\":2,\"name\":\"Miten voimme auttaa?\"}]},{\"@type\":\"WebSite\",\"@id\":\"https:\\\/\\\/www.aronyaid.fi\\\/#website\",\"url\":\"https:\\\/\\\/www.aronyaid.fi\\\/\",\"name\":\"AronyAid Oy\",\"description\":\"Anestesiapalvelut ja tehohoito\",\"publisher\":{\"@id\":\"https:\\\/\\\/www.aronyaid.fi\\\/#organization\"},\"potentialAction\":[{\"@type\":\"SearchAction\",\"target\":{\"@type\":\"EntryPoint\",\"urlTemplate\":\"https:\\\/\\\/www.aronyaid.fi\\\/?s={search_term_string}\"},\"query-input\":{\"@type\":\"PropertyValueSpecification\",\"valueRequired\":true,\"valueName\":\"search_term_string\"}}],\"inLanguage\":\"fi\"},{\"@type\":\"Organization\",\"@id\":\"https:\\\/\\\/www.aronyaid.fi\\\/#organization\",\"name\":\"AronyAid Oy\",\"url\":\"https:\\\/\\\/www.aronyaid.fi\\\/\",\"logo\":{\"@type\":\"ImageObject\",\"inLanguage\":\"fi\",\"@id\":\"https:\\\/\\\/www.aronyaid.fi\\\/#\\\/schema\\\/logo\\\/image\\\/\",\"url\":\"https:\\\/\\\/www.aronyaid.fi\\\/wp-content\\\/uploads\\\/2021\\\/08\\\/cropped-AronyAid-valge-kitsas-logo-1-scaled-1.jpg\",\"contentUrl\":\"https:\\\/\\\/www.aronyaid.fi\\\/wp-content\\\/uploads\\\/2021\\\/08\\\/cropped-AronyAid-valge-kitsas-logo-1-scaled-1.jpg\",\"width\":2560,\"height\":828,\"caption\":\"AronyAid Oy\"},\"image\":{\"@id\":\"https:\\\/\\\/www.aronyaid.fi\\\/#\\\/schema\\\/logo\\\/image\\\/\"}}]}<\/script>\n<!-- \/ Yoast SEO plugin. -->","yoast_head_json":{"title":"Miten voimme auttaa? - AronyAid Oy","description":"AronyAid Oy tarjoaa anestesiapalvelut ja tehohoitopalvelut kokeneella henkil\u00f6kunnalla ja yst\u00e4vallisell\u00e4 asenteella.","robots":{"index":"index","follow":"follow","max-snippet":"max-snippet:-1","max-image-preview":"max-image-preview:large","max-video-preview":"max-video-preview:-1"},"canonical":"https:\/\/www.aronyaid.fi\/","og_locale":"fi_FI","og_type":"article","og_title":"Miten voimme auttaa? - AronyAid Oy","og_description":"AronyAid Oy tarjoaa anestesiapalvelut ja tehohoitopalvelut kokeneella henkil\u00f6kunnalla ja yst\u00e4vallisell\u00e4 asenteella.","og_url":"https:\/\/www.aronyaid.fi\/","og_site_name":"AronyAid Oy","article_modified_time":"2025-09-25T07:53:36+00:00","og_image":[{"url":"https:\/\/www.aronyaid.fi\/wp-content\/uploads\/2022\/08\/ICU-drawing.jpg","type":"","width":"","height":""}],"twitter_card":"summary_large_image","twitter_misc":{"Arvioitu lukuaika":"2 minuuttia"},"schema":{"@context":"https:\/\/schema.org","@graph":[{"@type":"WebPage","@id":"https:\/\/www.aronyaid.fi\/","url":"https:\/\/www.aronyaid.fi\/","name":"Miten voimme auttaa? - AronyAid Oy","isPartOf":{"@id":"https:\/\/www.aronyaid.fi\/#website"},"primaryImageOfPage":{"@id":"https:\/\/www.aronyaid.fi\/#primaryimage"},"image":{"@id":"https:\/\/www.aronyaid.fi\/#primaryimage"},"thumbnailUrl":"https:\/\/www.aronyaid.fi\/wp-content\/uploads\/2022\/08\/ICU-drawing.jpg","datePublished":"2022-08-10T08:50:53+00:00","dateModified":"2025-09-25T07:53:36+00:00","description":"AronyAid Oy tarjoaa anestesiapalvelut ja tehohoitopalvelut kokeneella henkil\u00f6kunnalla ja yst\u00e4vallisell\u00e4 asenteella.","breadcrumb":{"@id":"https:\/\/www.aronyaid.fi\/#breadcrumb"},"inLanguage":"fi","potentialAction":[{"@type":"ReadAction","target":["https:\/\/www.aronyaid.fi\/"]}]},{"@type":"ImageObject","inLanguage":"fi","@id":"https:\/\/www.aronyaid.fi\/#primaryimage","url":"https:\/\/www.aronyaid.fi\/wp-content\/uploads\/2022\/08\/ICU-drawing.jpg","contentUrl":"https:\/\/www.aronyaid.fi\/wp-content\/uploads\/2022\/08\/ICU-drawing.jpg","width":1440,"height":1018},{"@type":"BreadcrumbList","@id":"https:\/\/www.aronyaid.fi\/#breadcrumb","itemListElement":[{"@type":"ListItem","position":1,"name":"Etusivu","item":"https:\/\/www.aronyaid.fi\/"},{"@type":"ListItem","position":2,"name":"Miten voimme auttaa?"}]},{"@type":"WebSite","@id":"https:\/\/www.aronyaid.fi\/#website","url":"https:\/\/www.aronyaid.fi\/","name":"AronyAid Oy","description":"Anestesiapalvelut ja tehohoito","publisher":{"@id":"https:\/\/www.aronyaid.fi\/#organization"},"potentialAction":[{"@type":"SearchAction","target":{"@type":"EntryPoint","urlTemplate":"https:\/\/www.aronyaid.fi\/?s={search_term_string}"},"query-input":{"@type":"PropertyValueSpecification","valueRequired":true,"valueName":"search_term_string"}}],"inLanguage":"fi"},{"@type":"Organization","@id":"https:\/\/www.aronyaid.fi\/#organization","name":"AronyAid Oy","url":"https:\/\/www.aronyaid.fi\/","logo":{"@type":"ImageObject","inLanguage":"fi","@id":"https:\/\/www.aronyaid.fi\/#\/schema\/logo\/image\/","url":"https:\/\/www.aronyaid.fi\/wp-content\/uploads\/2021\/08\/cropped-AronyAid-valge-kitsas-logo-1-scaled-1.jpg","contentUrl":"https:\/\/www.aronyaid.fi\/wp-content\/uploads\/2021\/08\/cropped-AronyAid-valge-kitsas-logo-1-scaled-1.jpg","width":2560,"height":828,"caption":"AronyAid Oy"},"image":{"@id":"https:\/\/www.aronyaid.fi\/#\/schema\/logo\/image\/"}}]}},"jetpack_sharing_enabled":true,"_links":{"self":[{"href":"https:\/\/www.aronyaid.fi\/index.php\/wp-json\/wp\/v2\/pages\/512","targetHints":{"allow":["GET"]}}],"collection":[{"href":"https:\/\/www.aronyaid.fi\/index.php\/wp-json\/wp\/v2\/pages"}],"about":[{"href":"https:\/\/www.aronyaid.fi\/index.php\/wp-json\/wp\/v2\/types\/page"}],"author":[{"embeddable":true,"href":"https:\/\/www.aronyaid.fi\/index.php\/wp-json\/wp\/v2\/users\/1"}],"replies":[{"embeddable":true,"href":"https:\/\/www.aronyaid.fi\/index.php\/wp-json\/wp\/v2\/comments?post=512"}],"version-history":[{"count":44,"href":"https:\/\/www.aronyaid.fi\/index.php\/wp-json\/wp\/v2\/pages\/512\/revisions"}],"predecessor-version":[{"id":1093,"href":"https:\/\/www.aronyaid.fi\/index.php\/wp-json\/wp\/v2\/pages\/512\/revisions\/1093"}],"wp:attachment":[{"href":"https:\/\/www.aronyaid.fi\/index.php\/wp-json\/wp\/v2\/media?parent=512"}],"curies":[{"name":"wp","href":"https:\/\/api.w.org\/{rel}","templated":true}]}}